{"id":346,"date":"2024-06-24T13:09:08","date_gmt":"2024-06-24T13:09:08","guid":{"rendered":"http:\/\/pierre-metzinger.fr\/?page_id=346"},"modified":"2026-01-21T13:19:08","modified_gmt":"2026-01-21T13:19:08","slug":"about","status":"publish","type":"page","link":"https:\/\/pierre-metzinger.fr\/?page_id=346","title":{"rendered":"ABOUT"},"content":{"rendered":"\n<figure class=\"wp-block-image alignright size-full is-resized\"><img loading=\"lazy\" decoding=\"async\" width=\"850\" height=\"850\" src=\"https:\/\/pierre-metzinger.fr\/wp-content\/uploads\/2024\/06\/20_09_2021_vue15_GrdBallon_randonneur_word.jpg\" alt=\"\" class=\"wp-image-285\" style=\"width:543px;height:auto\" srcset=\"https:\/\/pierre-metzinger.fr\/wp-content\/uploads\/2024\/06\/20_09_2021_vue15_GrdBallon_randonneur_word.jpg 850w, https:\/\/pierre-metzinger.fr\/wp-content\/uploads\/2024\/06\/20_09_2021_vue15_GrdBallon_randonneur_word-300x300.jpg 300w, https:\/\/pierre-metzinger.fr\/wp-content\/uploads\/2024\/06\/20_09_2021_vue15_GrdBallon_randonneur_word-150x150.jpg 150w, https:\/\/pierre-metzinger.fr\/wp-content\/uploads\/2024\/06\/20_09_2021_vue15_GrdBallon_randonneur_word-768x768.jpg 768w\" sizes=\"auto, (max-width: 850px) 100vw, 850px\" \/><\/figure>\n\n\n\n<p class=\"has-system-font-font-family has-medium-font-size\">Je vis en Lorraine, une r\u00e9gion de fronti\u00e8res. Photographe naturaliste, je scrute le paysage, je note les changements subtils, presque imperceptibles, je reviens souvent sur les lieux.<\/p>\n\n\n\n<p class=\"has-system-font-font-family\">Sur les sentiers des Vosges ou les plages normandes, au pied des parois rocheuses des Alpes, plus rarement dans les rues des grandes villes, mon chemin croise parfois celui d\u2019autres fl\u00e2neurs et randonneurs qui peuvent appara\u00eetre sur mes photographies.<\/p>\n\n\n\n<p class=\"has-system-font-font-family\">Adepte de la lenteur, d\u2019une photographie minimaliste je pr\u00e9f\u00e8re le plus souvent travailler en noir et blanc, sur support argentique.<\/p>\n\n\n\n<p class=\"has-system-font-font-family\">On peut voir mes photographies dans des performances ou des installations, lors de collaborations avec des artistes du spectacle vivant ou des auteurs\/autrices de th\u00e9\u00e2tre. Avec la compagnie allemande \u00ab<a href=\"https:\/\/liquidpenguin.de\/\" target=\"_blank\" rel=\"noreferrer noopener\"><mark style=\"background-color:rgba(0, 0, 0, 0);color:#0693e3\" class=\"has-inline-color\">Liquid Penguin Ensemble<\/mark><\/a>\u00bb, j&rsquo;ai co-cr\u00e9\u00e9 \u00ab<a href=\"https:\/\/performanceathome.com\/landescape-at-home-dokumentation\/\" target=\"_blank\" rel=\"noreferrer noopener\"><mark style=\"background-color:rgba(0, 0, 0, 0);color:#0693e3\" class=\"has-inline-color\">Land(e)scape<\/mark><\/a>\u00bb, une fiction en sons et en images, inspir\u00e9e de la pand\u00e9mie de covid.<\/p>\n\n\n\n<p class=\"has-system-font-font-family\">Plusieurs expositions individuelles ont \u00e9t\u00e9 consacr\u00e9es \u00e0 mon travail, notamment \u00abTraces\u00bb \u00e0 la galerie des expositions temporaires du <em>Parc Explor Wendel<\/em> en Moselle, ou encore \u00abD\u2019ici je peux voir ta ville&#8230; Von hier aus kann ich deine Stadt sehen\u00bb \u00e0 la galerie <em>Kulturfoyer der Landeshauptstadt Saarbr\u00fccken<\/em>, en Allemagne. En 2024 j&rsquo;\u00e9tais finaliste du \u00ab <a href=\"https:\/\/awards.clervauximage.lu\/fr\/lexposition\/prix-de-la-photographie-2024\/pierre-metzinger-prix-de-la-photographie-2024\" target=\"_blank\" rel=\"noreferrer noopener\"><mark style=\"background-color:rgba(0, 0, 0, 0);color:#0693e3\" class=\"has-inline-color\">Prix de la Photographie,<\/mark> <mark style=\"background-color:rgba(0, 0, 0, 0);color:#0693e3\" class=\"has-inline-color\">Clervaux cit\u00e9 de l\u2019image<\/mark><\/a> \u00bb au Luxembourg. En 2025 j&rsquo;ai particip\u00e9 \u00e0 l\u2019exposition collective \u00abI\u2019m rooted but I flow\u00bb \u00e0 Tr\u00e8ves et au <a href=\"https:\/\/www.salondesbeauxarts.com\/\" target=\"_blank\" rel=\"noreferrer noopener\"><mark style=\"background-color:rgba(0, 0, 0, 0);color:#0693e3\" class=\"has-inline-color\">Salon des Beaux Arts<\/mark><\/a> \u00e0 Paris, dans la section naturaliste.<\/p>\n\n\n\n<div class=\"wp-block-group is-layout-constrained wp-block-group-is-layout-constrained\">\n<p class=\"has-system-font-font-family has-medium-font-size\">Dans mon projet au long cours, \u00ab<a href=\"https:\/\/pierre-metzinger.fr\/?page_id=353\" data-type=\"page\" data-id=\"353\" target=\"_blank\" rel=\"noreferrer noopener\"><mark style=\"background-color:rgba(0, 0, 0, 0);color:#0693e3\" class=\"has-inline-color\">Quelques instants&#8230;<\/mark><\/a>\u00bb, je m\u00eale portraits au st\u00e9nop\u00e9 et paysages, dans une r\u00e9flexion po\u00e9tique sur notre rapport \u00e0 la nature. <\/p>\n\n\n\n<p class=\"has-system-font-font-family\">Pierre Metzinger<\/p>\n<\/div>\n\n\n\n<p><\/p>\n","protected":false},"excerpt":{"rendered":"<p>Je vis en Lorraine, une r\u00e9gion de fronti\u00e8res. Photographe naturaliste, je scrute le paysage, je note les changements subtils, presque imperceptibles, je reviens souvent sur les lieux. Sur les sentiers des Vosges ou les plages normandes, au pied des parois rocheuses des Alpes, plus rarement dans les rues des grandes villes, mon chemin croise parfois [&hellip;]<\/p>\n","protected":false},"author":1,"featured_media":0,"parent":0,"menu_order":0,"comment_status":"closed","ping_status":"closed","template":"","meta":{"ngg_post_thumbnail":0,"footnotes":""},"class_list":["post-346","page","type-page","status-publish","hentry"],"_links":{"self":[{"href":"https:\/\/pierre-metzinger.fr\/index.php?rest_route=\/wp\/v2\/pages\/346","targetHints":{"allow":["GET"]}}],"collection":[{"href":"https:\/\/pierre-metzinger.fr\/index.php?rest_route=\/wp\/v2\/pages"}],"about":[{"href":"https:\/\/pierre-metzinger.fr\/index.php?rest_route=\/wp\/v2\/types\/page"}],"author":[{"embeddable":true,"href":"https:\/\/pierre-metzinger.fr\/index.php?rest_route=\/wp\/v2\/users\/1"}],"replies":[{"embeddable":true,"href":"https:\/\/pierre-metzinger.fr\/index.php?rest_route=%2Fwp%2Fv2%2Fcomments&post=346"}],"version-history":[{"count":17,"href":"https:\/\/pierre-metzinger.fr\/index.php?rest_route=\/wp\/v2\/pages\/346\/revisions"}],"predecessor-version":[{"id":890,"href":"https:\/\/pierre-metzinger.fr\/index.php?rest_route=\/wp\/v2\/pages\/346\/revisions\/890"}],"wp:attachment":[{"href":"https:\/\/pierre-metzinger.fr\/index.php?rest_route=%2Fwp%2Fv2%2Fmedia&parent=346"}],"curies":[{"name":"wp","href":"https:\/\/api.w.org\/{rel}","templated":true}]}}

<figure class="wp-block-image alignright size-full is-resized"><img loading="lazy" decoding="async" width="850" height="850" src="https://pierre-metzinger.fr/wp-content/uploads/2024/06/20_09_2021_vue15_GrdBallon_randonneur_word.jpg" alt="" class="wp-image-285" style="width:543px;height:auto" srcset="https://pierre-metzinger.fr/wp-content/uploads/2024/06/20_09_2021_vue15_GrdBallon_randonneur_word.jpg 850w, https://pierre-metzinger.fr/wp-content/uploads/2024/06/20_09_2021_vue15_GrdBallon_randonneur_word-300x300.jpg 300w, https://pierre-metzinger.fr/wp-content/uploads/2024/06/20_09_2021_vue15_GrdBallon_randonneur_word-150x150.jpg 150w, https://pierre-metzinger.fr/wp-content/uploads/2024/06/20_09_2021_vue15_GrdBallon_randonneur_word-768x768.jpg 768w" sizes="auto, (max-width: 850px) 100vw, 850px" /></figure>



<p class="has-system-font-font-family has-medium-font-size">Je vis en Lorraine, une région de frontières. Photographe naturaliste, je scrute le paysage, je note les changements subtils, presque imperceptibles, je reviens souvent sur les lieux.</p>



<p class="has-system-font-font-family">Sur les sentiers des Vosges ou les plages normandes, au pied des parois rocheuses des Alpes, plus rarement dans les rues des grandes villes, mon chemin croise parfois celui d’autres flâneurs et randonneurs qui peuvent apparaître sur mes photographies.</p>



<p class="has-system-font-font-family">Adepte de la lenteur, d’une photographie minimaliste je préfère le plus souvent travailler en noir et blanc, sur support argentique.</p>



<p class="has-system-font-font-family">On peut voir mes photographies dans des performances ou des installations, lors de collaborations avec des artistes du spectacle vivant ou des auteurs/autrices de théâtre. Avec la compagnie allemande «<a href="https://liquidpenguin.de/" target="_blank" rel="noreferrer noopener"><mark style="background-color:rgba(0, 0, 0, 0);color:#0693e3" class="has-inline-color">Liquid Penguin Ensemble</mark></a>», j&rsquo;ai co-créé «<a href="https://performanceathome.com/landescape-at-home-dokumentation/" target="_blank" rel="noreferrer noopener"><mark style="background-color:rgba(0, 0, 0, 0);color:#0693e3" class="has-inline-color">Land(e)scape</mark></a>», une fiction en sons et en images, inspirée de la pandémie de covid.</p>



<p class="has-system-font-font-family">Plusieurs expositions individuelles ont été consacrées à mon travail, notamment «Traces» à la galerie des expositions temporaires du <em>Parc Explor Wendel</em> en Moselle, ou encore «D’ici je peux voir ta ville&#8230; Von hier aus kann ich deine Stadt sehen» à la galerie <em>Kulturfoyer der Landeshauptstadt Saarbrücken</em>, en Allemagne. En 2024 j&rsquo;étais finaliste du « <a href="https://awards.clervauximage.lu/fr/lexposition/prix-de-la-photographie-2024/pierre-metzinger-prix-de-la-photographie-2024" target="_blank" rel="noreferrer noopener"><mark style="background-color:rgba(0, 0, 0, 0);color:#0693e3" class="has-inline-color">Prix de la Photographie,</mark> <mark style="background-color:rgba(0, 0, 0, 0);color:#0693e3" class="has-inline-color">Clervaux cité de l’image</mark></a> » au Luxembourg. En 2025 j&rsquo;ai participé à l’exposition collective «I’m rooted but I flow» à Trèves et au <a href="https://www.salondesbeauxarts.com/" target="_blank" rel="noreferrer noopener"><mark style="background-color:rgba(0, 0, 0, 0);color:#0693e3" class="has-inline-color">Salon des Beaux Arts</mark></a> à Paris, dans la section naturaliste.</p>



<div class="wp-block-group is-layout-constrained wp-block-group-is-layout-constrained">
<p class="has-system-font-font-family has-medium-font-size">Dans mon projet au long cours, «<a href="https://pierre-metzinger.fr/?page_id=353" data-type="page" data-id="353" target="_blank" rel="noreferrer noopener"><mark style="background-color:rgba(0, 0, 0, 0);color:#0693e3" class="has-inline-color">Quelques instants&#8230;</mark></a>», je mêle portraits au sténopé et paysages, dans une réflexion poétique sur notre rapport à la nature. </p>



<p class="has-system-font-font-family">Pierre Metzinger</p>
</div>



<p></p>

<p>Je vis en Lorraine, une région de frontières. Photographe naturaliste, je scrute le paysage, je note les changements subtils, presque imperceptibles, je reviens souvent sur les lieux. Sur les sentiers des Vosges ou les plages normandes, au pied des parois rocheuses des Alpes, plus rarement dans les rues des grandes villes, mon chemin croise parfois [&hellip;]</p>
